to base 2
1000010101111111
2dba2 (base 14) to base 8
340162
What is 23b251 (base 15) in base 8?
6410364
What is 1d5b3a (base 14) in base 15?
15c0aa
-804976 (base 14) to base 9
-8106588
Convert 121101200120122 (base 3) to base 12.
2b025b2
What is -1054643 (base 7) in base 9?
-220155
110000011000111011011 (base 2) to base 13
436954
-507412 (base 13) to base 6
-104045051
What is -21121211021201 (base 3) in base 13?
-abacc6
-a26dc2 (base 14) to base 11
-30a9985
What is -163281 (base 12) in base 2?
-1011100011111000001
What is 442543515 (base 6) in base 4?
132123113213
What is 101000110010111011111011 (base 2) in base 15?
e13a9a
What is -4b4cc6 (base 13) in base 6?
-102445041
Convert -6353a6 (base 14) to base 6.
-155540010
-33731a (base 16) to base 11
-19a3315
What is -123240014 (base 5) in base 2?
-10010011000110001101
What is -920a1 (base 12) in base 11?
-11a9a0
Convert 1323451 (base 6) to base 12.
36587
What is 64576b (base 14) in base 15?
471265
What is 822195 (base 12) in base 5?
1010121331
Convert -41725 (base 10) to base 3.
-2010020101
What is 5065c1 (base 16) in base 3?
100220200121112
Convert -114523014 (base 6) to base 5.
-1030011211
Convert -10001011011100111110 (base 2) to base 15.
-b439d
-1000010000101010010110 (base 2) to base 14
-4051d4
What is 3787b (base 15) in base 7?
1336151
What is 282058 (base 13) in base 16?
ee2b5
-33674362 (base 8) to base 11
-413a776
What is -11154015 (base 6) in base 14?
-8c76b
23312012023 (base 4) to base 7
35251645
What is -111332230 (base 4) in base 2?
-10101111110101100
Convert -a9a88 (base 14) to base 16.
-64538
What is -b88021 (base 12) in base 11?
-1712558
-314124311 (base 5) to base 12
-536500
-221101120001012 (base 3) to base 7
-222460406
Convert 17712444 (base 9) to base 16.
882e6e
4ac39 (base 13) to base 3
21000200212
-4404030402 (base 5) to base 12
-31b27b1
110021102011100 (base 3) to base 4
120320211021
Convert 72ad3 (base 14) to base 12.
114055
3340302 (base 11) to base 13
12a0a55
Convert 1230103204 (base 5) to base 9.
5530210
-5325113 (base 6) to base 7
-2132652
What is 111100000111100011 (base 2) in base 3?
110111210010
Convert -44209 (base 12) to base 14.
-24bd7
20114204 (base 6) to base 3
1001221201211
1002411311 (base 5) to base 7
22660134
What is 100100010010100100111 (base 2) in base 6?
41253211
What is 111110010100011001 (base 2) in base 3?
110222010222
-140021043 (base 6) to base 7
-32550444
Convert -b2a31 (base 12) to base 7.
-1660246
What is 328698 (base 10) in base 7?
2536206
Convert 125751 (base 8) to base 13.
17054
Convert -44629 (base 13) to base 7.
-1024516
Convert 333321200 (base 4) to base 9.
438018
4211413 (base 5) to base 14
1b520
What is 881127 (base 9) in base 4?
2000112103
What is 3231126 (base 9) in base 6?
101050510
Convert -323225 (base 7) to base 4.
-31300301
What is 307337 (base 8) in base 14?
292d9
-16f87 (base 16) to base 4
-112332013
-141876 (base 10) to base 13
-4c767
101022001112220 (base 3) to base 8
24701355
27525002 (base 8) to base 2
10111101010101000000010
What is -7606aa (base 14) in base 11?
-228a774
-11230100 (base 5) to base 7
-603041
What is 15990317 (base 10) in base 9?
33071528
What is -32464 (base 16) in base 7?
-1515235
360450 (base 7) to base 4
33320202
-210111110111 (base 3) to base 14
-b02d7
-a66817 (base 11) to base 3
-10012202000101
-1271c98 (base 13) to base 14
-aa4172
Convert -210201020201 (base 3) to base 10.
-427375
What is 2202201021122 (base 3) in base 16?
167087
Convert -11365118 (base 9) to base 16.
-5473ca
Convert -31411411 (base 6) to base 9.
-1650847
Convert 114364 (base 14) to base 13.
177786
Convert -38642 (base 11) to base 13.
-1c262
What is -842e29 (base 16) in base 8?
-41027051
Convert -2122101411 (base 5) to base 11.
-2595776
-1101111110111001011 (base 2) to base 11
-293274
What is 11134033121 (base 5) in base 4?
233111123120
1120106 (base 9) to base 11
382628
What is 360550 (base 7) in base 12?
31817
What is 210120120101222 (base 3) in base 14?
1746ba9
What is -8a88 (base 13) in base 4?
-10232302
Convert 12010022211101 (base 3) to base 4.
22120232002
Convert -2000221222 (base 3) to base 7.
-224546
What is -522453140 (base 6) in base 10?
-9089556
What is -a6094 (base 11) in base 5?
-14420444
-440647 (base 8) to base 3
-21111212000
What is -3223131301 (base 4) in base 12?
-3a6181
-2e1bb (base 15) to base 5
-14231101
59413 (base 13) to base 14
43702
1559295 (base 10) to base 5
344344140
What is -19126 (base 14) in base 15?
-13b7c
Convert -422a404 (base 13) to base 9.
-41780545
What is -3112544 (base 6) in base 13?
-5318b
Convert -2120207 (base 8) to base 5.
-121043013
-143086 (base 10) to base 4
-202323232
What is -13bb114 (base 12) in base 16?
-3cb9e0
8864373 (base 10) to base 2
100001110100001001110101
858f (base 16) to base 3
1201220100
What is 245735 (base 9) in base 5?
14223321
2cbc (base 15) to base 2
10010110011011
-13dc8 (base 15) to base 9
-106538
Convert a520036 (base 11) to base 4.
1012300312222
5b93a0 (base 13) to base 11
1267190
Convert -34202200 (base 5) to base 11.
-197a71
Convert aab66 (base 12) to base 14.
5c686
Convert 2bb5a1 (base 12) to base 5.
142324414
Convert -1532703 (base 8) to base 11.
-280430
-2308d (base 15) to base 14
-2c8cc
-2426365 (base 11) to base 6
-230320152
What is -2455208 (base 9) in base 11?
-832591
What is 1275412 (base 8) in base 14?
94c78
Convert -21073550 (base 9) to base 8.
-46550227
Convert 1112202000 (base 4) to base 11.
222321
Convert -60226342 (base 8) to base 16.
-c12ce2
182436 (base 9) to base 8
335310
-13341323 (base 5) to base 12
-67400
b2aa (base 16) to base 4
23022222
Convert -a24b6 (base 12) to base 13.
-75387
Convert 1356640 (base 12) to base 16.
3ab510
1076761 (base 8) to base 9
487734
What is -20515115 (base 7) in base 15?
-244268
What is -1132113123 (base 4) in base 11?
-244445
Convert 321117 (base 11) to base 16.
7d771
What is -10111010111001110000100 (base 2) in base 3?
-102112011010101
What is 27959a (base 15) in base 10?
1904770
Convert -4493523 (base 11) to base 14.
-108acd2
What is 15246611 (base 7) in base 16?
163cd6
Convert -1634001 (base 7) to base 6.
-4511123
3103 (base 8) to base 2
11001000011
What is 13b030 (base 16) in base 2?
100111011000000110000
6096 (base 12) to base 14
3b6a
What is -11201121120001 (base 3) in base 7?
-30231031
-202112200 (base 3) to base 7
-61443
What is -10314013 (base 6) in base 9?
-514870
What is 3230605 (base 11) in base 6?
321434543
-356562 (base 14) to base 12
-73b036
-254275 (base 15) to base 4
-12310001033
-4241133231 (base 5) to base 15
-bb51e6
Convert 100001111001101011101 (base 2) to base 9.
2072747
What is -11b119 (base 14) in base 6?
-21000311
-3310322011 (base 5) to base 2
-11011001010010110000000
701526 (base 12) to base 5
421304202
-24054 (base 8) to base 14
-3a68
Convert 2055504 (base 7) to base 5.
30434032
-105832 (base 11) to base 16
-29305
Convert 20203505 (base 7) to base 3.
10011110020112
fe1a (base 16) to base 13
237bb
What is 11043223 (base 5) in base 14?
27344
What is 8454624 (base 9) in base 12?
1622041
What is 37605 (base 13) in base 12?
4b0a9
What is 11315 (base 14) in base 5?
2314032
Convert -1b923d (base 14) to base 13.
-286780
13355453 (base 7) to base 8
4567441
What is 1210200011 (base 3) in base 6?
432134
Convert 177202 (base 8) to base 3.
10022101010
What is 2e42d8 (base 16) in base 10?
3031768
-9385364 (base 11) to base 6
-1350430534
What is -a6a8d (base 15) in base 6?
-15200311
What is 63305533 (base 7) in base 14?
9d268a
Convert 232131223 (base 4) to base 2.
101110011101101011
Convert -1532443 (base 8) to base 12.
-192483
Convert 31a7b (base 16) to base 15.
403e2
What is 10110010111001001 (base 2) in base 9?
148570
Convert 725226 (base 9) to base 11.
274319
What is -5352256 (base 8) in base 2?
-101011101010010101110
-613147 (base 8) to base 7
-1501631
-1155215 (base 6) to base 4
-33021323
What is 2025051 (base 8) in base 7?
4356001
6c1a63 (base 13) to base 2
1001110100100001111010
What is -2594b (base 14) in base 11?
-63455
9977927 (base 10) to base 6
553510035
Convert 31521560 (base 7) to base 5.
1141141440
Convert 89b19 (base 16) to base 12.
232475
513034 (base 14) to base 13
74a333
-c92c2 (base 14) to base 3
-220201000021
What is -2202021122 (base 3) in base 15?
-110a2
Convert 3341323413 (ba